{"id":1039,"date":"2019-05-10T15:12:45","date_gmt":"2019-05-10T15:12:45","guid":{"rendered":"http:\/\/fwg-weissenthurm.de\/?page_id=1039"},"modified":"2023-06-08T11:52:36","modified_gmt":"2023-06-08T11:52:36","slug":"presse","status":"publish","type":"page","link":"http:\/\/fwg-weissenthurm.de\/?page_id=1039","title":{"rendered":"Presse"},"content":{"rendered":"\n<p class=\"has-medium-font-size\">Hier eine kleine Auswahl unserer Pressemitteilungen. Wir bem\u00fchen uns, in unseren Artikeln zu informieren ohne zu spalten.  <\/p>\n\n\n\n<p><a href=\"http:\/\/fwg-weissenthurm.de\/wp-content\/uploads\/2023\/06\/Mitteilungsblatt_2023_06_Mehr-Geld-soll-in-Weissenthurmer-Strassen-fliessen.pdf\">Mitteilungsblatt 06 2023 Mehr Geld soll in Wei\u00dfenthurmer Stra\u00dfen flie\u00dfen<\/a><\/p>\n\n\n\n<p><a href=\"http:\/\/fwg-weissenthurm.de\/wp-content\/uploads\/2023\/06\/Blick-Aktuell_2023_05_Erfolgreicher-Themenabend-der-FWG-Weissenthurm.pdf\">Blick Aktuell 05 2023 Erfolgreicher Themenabend &nbsp;&#8222;Fair und regional einkaufen&#8220;<\/a><\/p>\n\n\n\n<p><a href=\"http:\/\/fwg-weissenthurm.de\/wp-content\/uploads\/2023\/06\/Blick-Aktuell_2023_Themenabend_OePNV.pdf\">Blick Aktuell 01 2023 Themenabend \u00d6PNV<\/a><\/p>\n\n\n\n<p><a href=\"http:\/\/fwg-weissenthurm.de\/wp-content\/uploads\/2023\/06\/Blick-Aktuell_2022_12_Wenn-nicht-jetzt-wann-dann-Erfolgreicher-Themenabend.pdf\">Blick Aktuell 12 2022 Erfolgreicher Themenabend &nbsp;Wenn nicht jetzt wann dann<\/a><\/p>\n\n\n\n<p><a href=\"http:\/\/fwg-weissenthurm.de\/wp-content\/uploads\/2023\/06\/BlickAktuell_2022_11_Wenn-nicht-jetzt-wann-dann.pdf\">Blick Aktuell&nbsp; 11 2022 Themenabend Wenn nicht jetzt wann dann<\/a><\/p>\n\n\n\n<p><a href=\"http:\/\/fwg-weissenthurm.de\/wp-content\/uploads\/2023\/06\/Blick-Aktuell_2022_05_Neuer-Vorstand-der-FWG-Weissenthurm-gewaehlt.pdf\">Blick Aktuell 05 2022 Neuer Vorstand der FWG Wei\u00dfenthurm gew\u00e4hlt<\/a><\/p>\n\n\n\n<p><a href=\"http:\/\/fwg-weissenthurm.de\/wp-content\/uploads\/2023\/06\/Blick-Aktuell_2021_10_Entwicklungs-und-Umweltausschuss-erneut-ausgefallen.pdf\">Blick Aktuell 10 2021 Entwicklungs und Umweltausschuss erneut ausgefallen<\/a><\/p>\n\n\n\n<p><a href=\"http:\/\/fwg-weissenthurm.de\/wp-content\/uploads\/2023\/06\/Blick-Aktuell_2020_11_Am-Weissenthurmer-Bahnhof-wurden-endlich-Fahrradrinnen-montiert.pdf\">Blick Aktuell 11 2020 Am Wei\u00dfenthurmer Bahnhof wurden endlich Fahrradrinnen montiert<\/a><\/p>\n\n\n\n<p><a href=\"http:\/\/fwg-weissenthurm.de\/wp-content\/uploads\/2023\/06\/Blick-Aktuell_2020_11_FWG-will-Fahrradsituation-in-Weissenthurm-verbessern.pdf\">Blick Aktuell 11 2020 FWG will Fahrradsituation in Wei\u00dfenthurm verbessern<\/a><\/p>\n\n\n\n<p><a href=\"http:\/\/fwg-weissenthurm.de\/wp-content\/uploads\/2023\/06\/Blick-Aktuell_2020_06_Geschwindigkeitsreduzierung-auf-der-Hauptstrasse.pdf\">Blick Aktuell 06 2020 Geschwindigkeitsreduzierung auf der Hauptstra\u00dfe<\/a><\/p>\n\n\n\n<p><a href=\"http:\/\/fwg-weissenthurm.de\/wp-content\/uploads\/2023\/06\/Blick_Aktuell_2020_05_Neue-Verkehrsfuehrung-vor-der-Weissenthurmer-Grundschule-macht-den-Schulweg-sicherer.pdf\">Blick Aktuell 05 2020 Neue Verkehrsf\u00fchrung an Wei\u00dfenthurmer Grundschule macht den Schulweg sicherer<\/a><\/p>\n\n\n\n<p><a href=\"http:\/\/fwg-weissenthurm.de\/wp-content\/uploads\/2023\/06\/Blick_Aktuell_2020_3_Themenabend-der-FWG-Weissenthurm-fuer-mehr-Artenvielfalt.pdf\">Blick Aktuell 03 2020 Themenabend der FWG Wei\u00dfenthurm f\u00fcr mehr Artenvielfalt<\/a><\/p>\n\n\n\n<p><a href=\"http:\/\/fwg-weissenthurm.de\/wp-content\/uploads\/2023\/06\/Blick_Aktuell_2020_03_Kreisel-und-Haltebuchten-sollen-Verkehrschaos-vor-der-Grundschule-beenden.pdf\">Blick Aktuell 03 2020 Kreisel und Haltebuchten sollen Verkehrschaos vor der Grundschule beenden<\/a><\/p>\n\n\n\n<p><a href=\"http:\/\/fwg-weissenthurm.de\/wp-content\/uploads\/2023\/06\/Blick-Aktuell_2020_03_Ausschuss-faellt-aus.pdf\">Blick Aktuell 03 2020 Ausschuss f\u00e4llt aus<\/a><\/p>\n\n\n\n<p><a href=\"http:\/\/fwg-weissenthurm.de\/wp-content\/uploads\/2023\/06\/Blick-Aktuell_2020_02_Verkehrschaos-an-der-Grundschule.pdf\">Blick Aktuell 02 2020 Verkehrschaos an der Grundschule<\/a><\/p>\n\n\n\n<p><a href=\"http:\/\/fwg-weissenthurm.de\/wp-content\/uploads\/2023\/06\/Blick-Aktuell_2020_02_Glueckliche-Gewinner-der-Grundschule-Weissenthurm-erhalten-Busfahrkarten.pdf\">Blick Aktuell 02 2020 Gl\u00fcckliche Gewinner der Grundschule Wei\u00dfenthurm erhalten Busfahrkarten<\/a><\/p>\n\n\n\n<p><a href=\"http:\/\/fwg-weissenthurm.de\/?page_id=1226(\u00f6ffnet in neuem Tab)\">Blick Aktuell 05 2019 Spielpl\u00e4tze<\/a><\/p>\n\n\n\n<p><a href=\"http:\/\/fwg-weissenthurm.de\/?page_id=1277\">Blick Aktuell 05 2019 L\u00e4rmreduktion<\/a><\/p>\n\n\n\n<p><a href=\"http:\/\/fwg-weissenthurm.de\/?page_id=1295\">Blick Aktuell 04 2019 Kandidaten stellen sich vor<\/a><\/p>\n\n\n\n<p class=\"has-text-color has-large-font-size\" id=\"http:\/\/fwg-weissenthurm.de\/?page_id=4913\" style=\"color:#bb8902\"><\/p>\n\n\n\n<p id=\"2019\"><\/p>\n","protected":false},"excerpt":{"rendered":"<p>Hier eine kleine Auswahl unserer Pressemitteilungen. Wir bem\u00fchen uns, in unseren Artikeln zu informieren ohne zu spalten. Mitteilungsblatt 06 2023 Mehr Geld soll in Wei\u00dfenthurmer Stra\u00dfen flie\u00dfen Blick Aktuell 05 2023 Erfolgreicher Themenabend &nbsp;&#8222;Fair und regional einkaufen&#8220; Blick Aktuell 01&hellip; <\/p>\n","protected":false},"author":1,"featured_media":0,"parent":41,"menu_order":4,"comment_status":"closed","ping_status":"closed","template":"","meta":{"footnotes":""},"class_list":["post-1039","page","type-page","status-publish","hentry"],"_links":{"self":[{"href":"http:\/\/fwg-weissenthurm.de\/index.php?rest_route=\/wp\/v2\/pages\/1039","targetHints":{"allow":["GET"]}}],"collection":[{"href":"http:\/\/fwg-weissenthurm.de\/index.php?rest_route=\/wp\/v2\/pages"}],"about":[{"href":"http:\/\/fwg-weissenthurm.de\/index.php?rest_route=\/wp\/v2\/types\/page"}],"author":[{"embeddable":true,"href":"http:\/\/fwg-weissenthurm.de\/index.php?rest_route=\/wp\/v2\/users\/1"}],"replies":[{"embeddable":true,"href":"http:\/\/fwg-weissenthurm.de\/index.php?rest_route=%2Fwp%2Fv2%2Fcomments&post=1039"}],"version-history":[{"count":16,"href":"http:\/\/fwg-weissenthurm.de\/index.php?rest_route=\/wp\/v2\/pages\/1039\/revisions"}],"predecessor-version":[{"id":4951,"href":"http:\/\/fwg-weissenthurm.de\/index.php?rest_route=\/wp\/v2\/pages\/1039\/revisions\/4951"}],"up":[{"embeddable":true,"href":"http:\/\/fwg-weissenthurm.de\/index.php?rest_route=\/wp\/v2\/pages\/41"}],"wp:attachment":[{"href":"http:\/\/fwg-weissenthurm.de\/index.php?rest_route=%2Fwp%2Fv2%2Fmedia&parent=1039"}],"curies":[{"name":"wp","href":"https:\/\/api.w.org\/{rel}","templated":true}]}}