{"id":440,"date":"2019-01-23T11:58:45","date_gmt":"2019-01-23T11:58:45","guid":{"rendered":"http:\/\/fwg-weissenthurm.de\/?page_id=440"},"modified":"2019-01-23T12:04:46","modified_gmt":"2019-01-23T12:04:46","slug":"sicher-rad-fahren","status":"publish","type":"page","link":"http:\/\/fwg-weissenthurm.de\/?page_id=440","title":{"rendered":"Sicher Rad fahren"},"content":{"rendered":"\n<h3 class=\"wp-block-heading\">Themenabend am 14.9.2018<\/h3>\n\n\n\n<p><\/p>\n\n\n\n<p>Mit dem Thema \u201e Sicher Radfahren in Wei\u00dfenthurm\u201c lud  die Freie W\u00e4hler Gruppe (FWG) am 14.9.2018 zum Gespr\u00e4chsabend ein.  Viele B\u00fcrger waren der Einladung gefolgt. Jo Schaefer, Vorsitzender des \u201e Allgemeinen Deutschen Fahrrad-Clubs KV Koblenz\/ Untermosel\u201c erl\u00e4uterte Verkehrszeichen und  Regeln die speziell f\u00fcr Radfahrer gelten. Im Durchschnitt passierten 2015 90% der Fahrradunf\u00e4lle innerorts. Viele Fahrradunf\u00e4lle geschehen beim Abbiegen , Wenden und Anfahren. Probleme bilden fehlende oder zu enge Fahrradwege.  Der neu auf der Hauptstra\u00dfe in Wei\u00dfenthurm eingezeichnete Schutzstreifen nahm in der  Diskussion einen breiten Raum ein. Autofahrer haben auch hier von den Radfahrern einen Seitenabstand von 1,5 Meter einzuhalten. Die Benutzung des Radweges in Gegenrichtung ist nicht erlaubt. Autofahrer d\u00fcrfen diesen Weg befahren, wenn dadurch kein Radfahrer gef\u00e4hrdet wird. Im Anschluss  daran erl\u00e4uterte der FWG-Vorsitzende  Christoph Thilmann einige f\u00fcr Radfahrer neuralgische Punkte in Wei\u00dfenthurm, die zum Teil durch die Initiative der FWG entsch\u00e4rft worden sind oder bei den verantwortlichen Stellen noch bearbeitet werden. Nicht beeinflussen konnte die FWG die Einrichtung einer Mischverkehrsfl\u00e4che vor der Gastst\u00e4tte \u201cZum Anker\u201d bei der Umgestaltung des Rheinufers. Hier sind gerade an Wochenenden, wenn mehr als 200 Radfahrer pro Stunde erwartet werden, gef\u00e4hrliche Situationen vorprogrammiert. Besonders hinsichtlich der Fahrradnutzung im Berufsverkehr gibt es in Wei\u00dfenthurm erhebliche Hemmnisse und Gefahrenstellen durch Hofeinfahrten und zu wenig abgesenkte Bordsteine. Hier erhofft sich die FWG Wei\u00dfenthurm Impulse durch den Antrag der Verbandsgemeinde-FWG. Die hat im Verbandsgemeinderat einen Initiativantrag \u201dMit dem Rad zur Arbeit\u201d gestellt, um das vorhandene Radwegenetz, st\u00e4rker als bisher, als Alternative zur Erreichung des Arbeitsplatzes zu optimieren und in den Blick zu r\u00fccken.  <\/p>\n\n\n\n<figure class=\"wp-block-image\"><img loading=\"lazy\" decoding=\"async\" width=\"1024\" height=\"516\" src=\"http:\/\/fwg-weissenthurm.de\/wp-content\/uploads\/2019\/01\/Schutzstreifen-1024x516.jpg\" alt=\"\" class=\"wp-image-443\" srcset=\"http:\/\/fwg-weissenthurm.de\/wp-content\/uploads\/2019\/01\/Schutzstreifen-1024x516.jpg 1024w, http:\/\/fwg-weissenthurm.de\/wp-content\/uploads\/2019\/01\/Schutzstreifen-300x151.jpg 300w, http:\/\/fwg-weissenthurm.de\/wp-content\/uploads\/2019\/01\/Schutzstreifen-768x387.jpg 768w\" sizes=\"auto, (max-width: 1024px) 100vw, 1024px\" \/><\/figure>\n","protected":false},"excerpt":{"rendered":"<p>Themenabend am 14.9.2018 Mit dem Thema \u201e Sicher Radfahren in Wei\u00dfenthurm\u201c lud die Freie W\u00e4hler Gruppe (FWG) am 14.9.2018 zum Gespr\u00e4chsabend ein. Viele B\u00fcrger waren der Einladung gefolgt. Jo Schaefer, Vorsitzender des \u201e Allgemeinen Deutschen Fahrrad-Clubs KV Koblenz\/ Untermosel\u201c erl\u00e4uterte&hellip; <\/p>\n","protected":false},"author":1,"featured_media":0,"parent":166,"menu_order":5,"comment_status":"closed","ping_status":"closed","template":"","meta":{"footnotes":""},"class_list":["post-440","page","type-page","status-publish","hentry"],"_links":{"self":[{"href":"http:\/\/fwg-weissenthurm.de\/index.php?rest_route=\/wp\/v2\/pages\/440","targetHints":{"allow":["GET"]}}],"collection":[{"href":"http:\/\/fwg-weissenthurm.de\/index.php?rest_route=\/wp\/v2\/pages"}],"about":[{"href":"http:\/\/fwg-weissenthurm.de\/index.php?rest_route=\/wp\/v2\/types\/page"}],"author":[{"embeddable":true,"href":"http:\/\/fwg-weissenthurm.de\/index.php?rest_route=\/wp\/v2\/users\/1"}],"replies":[{"embeddable":true,"href":"http:\/\/fwg-weissenthurm.de\/index.php?rest_route=%2Fwp%2Fv2%2Fcomments&post=440"}],"version-history":[{"count":3,"href":"http:\/\/fwg-weissenthurm.de\/index.php?rest_route=\/wp\/v2\/pages\/440\/revisions"}],"predecessor-version":[{"id":448,"href":"http:\/\/fwg-weissenthurm.de\/index.php?rest_route=\/wp\/v2\/pages\/440\/revisions\/448"}],"up":[{"embeddable":true,"href":"http:\/\/fwg-weissenthurm.de\/index.php?rest_route=\/wp\/v2\/pages\/166"}],"wp:attachment":[{"href":"http:\/\/fwg-weissenthurm.de\/index.php?rest_route=%2Fwp%2Fv2%2Fmedia&parent=440"}],"curies":[{"name":"wp","href":"https:\/\/api.w.org\/{rel}","templated":true}]}}

<h3 class="wp-block-heading">Themenabend am 14.9.2018</h3>



<p></p>



<p>Mit dem Thema „ Sicher Radfahren in Weißenthurm“ lud  die Freie Wähler Gruppe (FWG) am 14.9.2018 zum Gesprächsabend ein.  Viele Bürger waren der Einladung gefolgt. Jo Schaefer, Vorsitzender des „ Allgemeinen Deutschen Fahrrad-Clubs KV Koblenz/ Untermosel“ erläuterte Verkehrszeichen und  Regeln die speziell für Radfahrer gelten. Im Durchschnitt passierten 2015 90% der Fahrradunfälle innerorts. Viele Fahrradunfälle geschehen beim Abbiegen , Wenden und Anfahren. Probleme bilden fehlende oder zu enge Fahrradwege.  Der neu auf der Hauptstraße in Weißenthurm eingezeichnete Schutzstreifen nahm in der  Diskussion einen breiten Raum ein. Autofahrer haben auch hier von den Radfahrern einen Seitenabstand von 1,5 Meter einzuhalten. Die Benutzung des Radweges in Gegenrichtung ist nicht erlaubt. Autofahrer dürfen diesen Weg befahren, wenn dadurch kein Radfahrer gefährdet wird. Im Anschluss  daran erläuterte der FWG-Vorsitzende  Christoph Thilmann einige für Radfahrer neuralgische Punkte in Weißenthurm, die zum Teil durch die Initiative der FWG entschärft worden sind oder bei den verantwortlichen Stellen noch bearbeitet werden. Nicht beeinflussen konnte die FWG die Einrichtung einer Mischverkehrsfläche vor der Gaststätte “Zum Anker” bei der Umgestaltung des Rheinufers. Hier sind gerade an Wochenenden, wenn mehr als 200 Radfahrer pro Stunde erwartet werden, gefährliche Situationen vorprogrammiert. Besonders hinsichtlich der Fahrradnutzung im Berufsverkehr gibt es in Weißenthurm erhebliche Hemmnisse und Gefahrenstellen durch Hofeinfahrten und zu wenig abgesenkte Bordsteine. Hier erhofft sich die FWG Weißenthurm Impulse durch den Antrag der Verbandsgemeinde-FWG. Die hat im Verbandsgemeinderat einen Initiativantrag ”Mit dem Rad zur Arbeit” gestellt, um das vorhandene Radwegenetz, stärker als bisher, als Alternative zur Erreichung des Arbeitsplatzes zu optimieren und in den Blick zu rücken.  </p>



<figure class="wp-block-image"><img loading="lazy" decoding="async" width="1024" height="516" src="http://fwg-weissenthurm.de/wp-content/uploads/2019/01/Schutzstreifen-1024x516.jpg" alt="" class="wp-image-443" srcset="http://fwg-weissenthurm.de/wp-content/uploads/2019/01/Schutzstreifen-1024x516.jpg 1024w, http://fwg-weissenthurm.de/wp-content/uploads/2019/01/Schutzstreifen-300x151.jpg 300w, http://fwg-weissenthurm.de/wp-content/uploads/2019/01/Schutzstreifen-768x387.jpg 768w" sizes="auto, (max-width: 1024px) 100vw, 1024px" /></figure>

<p>Themenabend am 14.9.2018 Mit dem Thema „ Sicher Radfahren in Weißenthurm“ lud die Freie Wähler Gruppe (FWG) am 14.9.2018 zum Gesprächsabend ein. Viele Bürger waren der Einladung gefolgt. Jo Schaefer, Vorsitzender des „ Allgemeinen Deutschen Fahrrad-Clubs KV Koblenz/ Untermosel“ erläuterte&hellip; </p>
