{"id":5196,"date":"2024-03-24T09:35:59","date_gmt":"2024-03-24T09:35:59","guid":{"rendered":"https:\/\/fwg-weissenthurm.de\/?page_id=5196"},"modified":"2024-05-12T10:54:31","modified_gmt":"2024-05-12T10:54:31","slug":"bauhof","status":"publish","type":"page","link":"http:\/\/fwg-weissenthurm.de\/?page_id=5196","title":{"rendered":"Bauhof"},"content":{"rendered":"\n<p>Die Stra\u00dfen in Wei\u00dfenthurm sind in einem miserablen Zustand. Wir hatten dazu eine &#8222;Schlagloch&#8220;-Meldeaktion gemacht, bei der sich zahlreiche B\u00fcrger gemeldet hatten. Wir hatten daraus einen erschreckenden <a href=\"http:\/\/fwg-weissenthurm.de\/wp-content\/uploads\/2023\/07\/Anhang-zu-Antrag-Ausbesserungsarbeiten_2023_07_19.pdf\" data-type=\"link\" data-id=\"http:\/\/fwg-weissenthurm.de\/wp-content\/uploads\/2023\/07\/Anhang-zu-Antrag-Ausbesserungsarbeiten_2023_07_19.pdf\">Zustandsbericht der Wei\u00dfenthurmer Stra\u00dfen<\/a> gemacht. <\/p>\n\n\n\n<figure class=\"wp-block-image size-full\"><a href=\"http:\/\/fwg-weissenthurm.de\/wp-content\/uploads\/2023\/07\/image.png\"><img loading=\"lazy\" decoding=\"async\" width=\"301\" height=\"401\" src=\"http:\/\/fwg-weissenthurm.de\/wp-content\/uploads\/2023\/07\/image.png\" alt=\"\" class=\"wp-image-5046\" srcset=\"http:\/\/fwg-weissenthurm.de\/wp-content\/uploads\/2023\/07\/image.png 301w, http:\/\/fwg-weissenthurm.de\/wp-content\/uploads\/2023\/07\/image-225x300.png 225w\" sizes=\"auto, (max-width: 301px) 100vw, 301px\" \/><\/a><\/figure>\n\n\n\n<p>Es hat noch einmal verdeutlicht, dass von allen Gemeinden in der Verbandsgemeinde Wei\u00dfenthurm den gr\u00f6\u00dften Anteil an sanierungsbed\u00fcrftigen Stra\u00dfen hat. Das liegt im Wesentlichen daran, dass die Verbandsgemeinde bzw. das von der VG \u00fcber den Rahmenvertrag beauftragte Unternehmen mit dem Ausbessern nicht hinterherkommt. Daher hatte die FWG Wei\u00dfenthurm im Stadtrat einen <a href=\"http:\/\/fwg-weissenthurm.de\/wp-content\/uploads\/2024\/01\/Antrag_Ausbesserungsarbeiten_2023_07_19.pdf\" data-type=\"link\" data-id=\"http:\/\/fwg-weissenthurm.de\/wp-content\/uploads\/2024\/01\/Antrag_Ausbesserungsarbeiten_2023_07_19.pdf\" target=\"_blank\" rel=\"noreferrer noopener\">Antrag auf Ausbesserung von Schadstellen verschiedener Wei\u00dfenthurmer Stra\u00dfen <\/a>gestellt. Ziel des Antrags ist, dass der Bauhof in die Lage versetzt wird, in Zusammenarbeit mit der VG Ausbesserungsarbeiten wie das Einbringen von Hei\u00dfasphalt selbst ausf\u00fchren zu k\u00f6nnen. Es wurde zwar nur der Beschluss gefasst, aus der Priorit\u00e4tenliste der Verbandsgemeinde die Ma\u00dfnahmen \u201eAm Hoche\u201c und Gartenstra\u00dfe f\u00fcr den kommenden Haushalt mit einzuplanen. Aber danach wurde immerhin ein Teil der Schlagl\u00f6cher tats\u00e4chlich zeitnah gestopft. Und es sollen auf dem Bauhof zwei neue Mitarbeiter eingestellt werden.  Wir werden aber in der kommenden Wahlperiode daf\u00fcr sorgen, dass der Bauhof auch die f\u00fcr die Ausbesserungsarbeiten erforderliche Ausr\u00fcstung bekommt.  <\/p>\n\n\n\n<p><\/p>\n","protected":false},"excerpt":{"rendered":"<p>Die Stra\u00dfen in Wei\u00dfenthurm sind in einem miserablen Zustand. Wir hatten dazu eine &#8222;Schlagloch&#8220;-Meldeaktion gemacht, bei der sich zahlreiche B\u00fcrger gemeldet hatten. Wir hatten daraus einen erschreckenden Zustandsbericht der Wei\u00dfenthurmer Stra\u00dfen gemacht. Es hat noch einmal verdeutlicht, dass von allen&hellip; <\/p>\n","protected":false},"author":1,"featured_media":0,"parent":5087,"menu_order":1,"comment_status":"closed","ping_status":"closed","template":"","meta":{"footnotes":""},"class_list":["post-5196","page","type-page","status-publish","hentry"],"_links":{"self":[{"href":"http:\/\/fwg-weissenthurm.de\/index.php?rest_route=\/wp\/v2\/pages\/5196","targetHints":{"allow":["GET"]}}],"collection":[{"href":"http:\/\/fwg-weissenthurm.de\/index.php?rest_route=\/wp\/v2\/pages"}],"about":[{"href":"http:\/\/fwg-weissenthurm.de\/index.php?rest_route=\/wp\/v2\/types\/page"}],"author":[{"embeddable":true,"href":"http:\/\/fwg-weissenthurm.de\/index.php?rest_route=\/wp\/v2\/users\/1"}],"replies":[{"embeddable":true,"href":"http:\/\/fwg-weissenthurm.de\/index.php?rest_route=%2Fwp%2Fv2%2Fcomments&post=5196"}],"version-history":[{"count":4,"href":"http:\/\/fwg-weissenthurm.de\/index.php?rest_route=\/wp\/v2\/pages\/5196\/revisions"}],"predecessor-version":[{"id":5200,"href":"http:\/\/fwg-weissenthurm.de\/index.php?rest_route=\/wp\/v2\/pages\/5196\/revisions\/5200"}],"up":[{"embeddable":true,"href":"http:\/\/fwg-weissenthurm.de\/index.php?rest_route=\/wp\/v2\/pages\/5087"}],"wp:attachment":[{"href":"http:\/\/fwg-weissenthurm.de\/index.php?rest_route=%2Fwp%2Fv2%2Fmedia&parent=5196"}],"curies":[{"name":"wp","href":"https:\/\/api.w.org\/{rel}","templated":true}]}}

<p>Die Straßen in Weißenthurm sind in einem miserablen Zustand. Wir hatten dazu eine &#8222;Schlagloch&#8220;-Meldeaktion gemacht, bei der sich zahlreiche Bürger gemeldet hatten. Wir hatten daraus einen erschreckenden <a href="http://fwg-weissenthurm.de/wp-content/uploads/2023/07/Anhang-zu-Antrag-Ausbesserungsarbeiten_2023_07_19.pdf" data-type="link" data-id="http://fwg-weissenthurm.de/wp-content/uploads/2023/07/Anhang-zu-Antrag-Ausbesserungsarbeiten_2023_07_19.pdf">Zustandsbericht der Weißenthurmer Straßen</a> gemacht. </p>



<figure class="wp-block-image size-full"><a href="http://fwg-weissenthurm.de/wp-content/uploads/2023/07/image.png"><img loading="lazy" decoding="async" width="301" height="401" src="http://fwg-weissenthurm.de/wp-content/uploads/2023/07/image.png" alt="" class="wp-image-5046" srcset="http://fwg-weissenthurm.de/wp-content/uploads/2023/07/image.png 301w, http://fwg-weissenthurm.de/wp-content/uploads/2023/07/image-225x300.png 225w" sizes="auto, (max-width: 301px) 100vw, 301px" /></a></figure>



<p>Es hat noch einmal verdeutlicht, dass von allen Gemeinden in der Verbandsgemeinde Weißenthurm den größten Anteil an sanierungsbedürftigen Straßen hat. Das liegt im Wesentlichen daran, dass die Verbandsgemeinde bzw. das von der VG über den Rahmenvertrag beauftragte Unternehmen mit dem Ausbessern nicht hinterherkommt. Daher hatte die FWG Weißenthurm im Stadtrat einen <a href="http://fwg-weissenthurm.de/wp-content/uploads/2024/01/Antrag_Ausbesserungsarbeiten_2023_07_19.pdf" data-type="link" data-id="http://fwg-weissenthurm.de/wp-content/uploads/2024/01/Antrag_Ausbesserungsarbeiten_2023_07_19.pdf" target="_blank" rel="noreferrer noopener">Antrag auf Ausbesserung von Schadstellen verschiedener Weißenthurmer Straßen </a>gestellt. Ziel des Antrags ist, dass der Bauhof in die Lage versetzt wird, in Zusammenarbeit mit der VG Ausbesserungsarbeiten wie das Einbringen von Heißasphalt selbst ausführen zu können. Es wurde zwar nur der Beschluss gefasst, aus der Prioritätenliste der Verbandsgemeinde die Maßnahmen „Am Hoche“ und Gartenstraße für den kommenden Haushalt mit einzuplanen. Aber danach wurde immerhin ein Teil der Schlaglöcher tatsächlich zeitnah gestopft. Und es sollen auf dem Bauhof zwei neue Mitarbeiter eingestellt werden.  Wir werden aber in der kommenden Wahlperiode dafür sorgen, dass der Bauhof auch die für die Ausbesserungsarbeiten erforderliche Ausrüstung bekommt.  </p>



<p></p>

<p>Die Straßen in Weißenthurm sind in einem miserablen Zustand. Wir hatten dazu eine &#8222;Schlagloch&#8220;-Meldeaktion gemacht, bei der sich zahlreiche Bürger gemeldet hatten. Wir hatten daraus einen erschreckenden Zustandsbericht der Weißenthurmer Straßen gemacht. Es hat noch einmal verdeutlicht, dass von allen&hellip; </p>
