{"id":756,"date":"2019-02-16T07:58:33","date_gmt":"2019-02-16T07:58:33","guid":{"rendered":"http:\/\/fwg-weissenthurm.de\/?page_id=756"},"modified":"2019-04-14T10:31:34","modified_gmt":"2019-04-14T10:31:34","slug":"listenplatz-7","status":"publish","type":"page","link":"http:\/\/fwg-weissenthurm.de\/?page_id=756","title":{"rendered":"Listenplatz 7"},"content":{"rendered":"\n<h1 class=\"wp-block-heading\">Anja Thilmann<\/h1>\n\n\n\n<p class=\"has-text-color has-very-light-gray-color\">.<\/p>\n\n\n\n<figure class=\"wp-block-image is-resized\"><img loading=\"lazy\" decoding=\"async\" src=\"http:\/\/fwg-weissenthurm.de\/wp-content\/uploads\/2019\/02\/ThilmannAnjaFWGweissenthurm-768x1024.jpg\" alt=\"\" class=\"wp-image-757\" width=\"384\" height=\"512\" srcset=\"http:\/\/fwg-weissenthurm.de\/wp-content\/uploads\/2019\/02\/ThilmannAnjaFWGweissenthurm-768x1024.jpg 768w, http:\/\/fwg-weissenthurm.de\/wp-content\/uploads\/2019\/02\/ThilmannAnjaFWGweissenthurm-225x300.jpg 225w, http:\/\/fwg-weissenthurm.de\/wp-content\/uploads\/2019\/02\/ThilmannAnjaFWGweissenthurm.jpg 960w\" sizes=\"auto, (max-width: 384px) 100vw, 384px\" \/><\/figure>\n\n\n\n<p class=\"has-text-color has-very-light-gray-color\">.<\/p>\n\n\n\n<p class=\"has-medium-font-size\"> <strong>Geboren: <\/strong>1972 in Bremen<\/p>\n\n\n\n<p class=\"has-medium-font-size\"><br> <strong>Familie:<\/strong> verheiratet mit J\u00fcrgen Thilmann, zwei Kinder<\/p>\n\n\n\n<p class=\"has-medium-font-size\"><br><strong>Beruf: <\/strong>Diplom Sozialp\u00e4dagogin, Seit 2011 Leiterin der Ev. Kindertagesst\u00e4tte Neuwied-Torney<\/p>\n\n\n\n<p class=\"has-medium-font-size\"><br><strong>Ehrenamtliche T\u00e4tigkeiten: <\/strong>Pressewart beim Judo Club Neuwied e.V.<\/p>\n\n\n\n<p class=\"has-medium-font-size\"><br><strong>Warum bin ich in der freien W\u00e4hlergruppe:<\/strong><br>Weil sich die Freie W\u00e4hlergruppe f\u00fcr die Belange der Wei\u00dfenthurmer B\u00fcrger einsetzt nach dem Motto \u201eF\u00fcr die B\u00fcrger mit dem B\u00fcrger\u201c<\/p>\n\n\n\n<p class=\"has-medium-font-size\"><strong>Wof\u00fcr will ich mich besonders einsetzen:<\/strong><br>F\u00fcr ein familienfreundliches Wei\u00dfenthurm <\/p>\n","protected":false},"excerpt":{"rendered":"<p>Anja Thilmann . . Geboren: 1972 in Bremen Familie: verheiratet mit J\u00fcrgen Thilmann, zwei Kinder Beruf: Diplom Sozialp\u00e4dagogin, Seit 2011 Leiterin der Ev. Kindertagesst\u00e4tte Neuwied-Torney Ehrenamtliche T\u00e4tigkeiten: Pressewart beim Judo Club Neuwied e.V. Warum bin ich in der freien W\u00e4hlergruppe:Weil&hellip; <\/p>\n","protected":false},"author":1,"featured_media":0,"parent":723,"menu_order":6,"comment_status":"closed","ping_status":"closed","template":"","meta":{"footnotes":""},"class_list":["post-756","page","type-page","status-publish","hentry"],"_links":{"self":[{"href":"http:\/\/fwg-weissenthurm.de\/index.php?rest_route=\/wp\/v2\/pages\/756","targetHints":{"allow":["GET"]}}],"collection":[{"href":"http:\/\/fwg-weissenthurm.de\/index.php?rest_route=\/wp\/v2\/pages"}],"about":[{"href":"http:\/\/fwg-weissenthurm.de\/index.php?rest_route=\/wp\/v2\/types\/page"}],"author":[{"embeddable":true,"href":"http:\/\/fwg-weissenthurm.de\/index.php?rest_route=\/wp\/v2\/users\/1"}],"replies":[{"embeddable":true,"href":"http:\/\/fwg-weissenthurm.de\/index.php?rest_route=%2Fwp%2Fv2%2Fcomments&post=756"}],"version-history":[{"count":3,"href":"http:\/\/fwg-weissenthurm.de\/index.php?rest_route=\/wp\/v2\/pages\/756\/revisions"}],"predecessor-version":[{"id":1004,"href":"http:\/\/fwg-weissenthurm.de\/index.php?rest_route=\/wp\/v2\/pages\/756\/revisions\/1004"}],"up":[{"embeddable":true,"href":"http:\/\/fwg-weissenthurm.de\/index.php?rest_route=\/wp\/v2\/pages\/723"}],"wp:attachment":[{"href":"http:\/\/fwg-weissenthurm.de\/index.php?rest_route=%2Fwp%2Fv2%2Fmedia&parent=756"}],"curies":[{"name":"wp","href":"https:\/\/api.w.org\/{rel}","templated":true}]}}

<h1 class="wp-block-heading">Anja Thilmann</h1>



<p class="has-text-color has-very-light-gray-color">.</p>



<figure class="wp-block-image is-resized"><img loading="lazy" decoding="async" src="http://fwg-weissenthurm.de/wp-content/uploads/2019/02/ThilmannAnjaFWGweissenthurm-768x1024.jpg" alt="" class="wp-image-757" width="384" height="512" srcset="http://fwg-weissenthurm.de/wp-content/uploads/2019/02/ThilmannAnjaFWGweissenthurm-768x1024.jpg 768w, http://fwg-weissenthurm.de/wp-content/uploads/2019/02/ThilmannAnjaFWGweissenthurm-225x300.jpg 225w, http://fwg-weissenthurm.de/wp-content/uploads/2019/02/ThilmannAnjaFWGweissenthurm.jpg 960w" sizes="auto, (max-width: 384px) 100vw, 384px" /></figure>



<p class="has-text-color has-very-light-gray-color">.</p>



<p class="has-medium-font-size"> <strong>Geboren: </strong>1972 in Bremen</p>



<p class="has-medium-font-size"><br> <strong>Familie:</strong> verheiratet mit Jürgen Thilmann, zwei Kinder</p>



<p class="has-medium-font-size"><br><strong>Beruf: </strong>Diplom Sozialpädagogin, Seit 2011 Leiterin der Ev. Kindertagesstätte Neuwied-Torney</p>



<p class="has-medium-font-size"><br><strong>Ehrenamtliche Tätigkeiten: </strong>Pressewart beim Judo Club Neuwied e.V.</p>



<p class="has-medium-font-size"><br><strong>Warum bin ich in der freien Wählergruppe:</strong><br>Weil sich die Freie Wählergruppe für die Belange der Weißenthurmer Bürger einsetzt nach dem Motto „Für die Bürger mit dem Bürger“</p>



<p class="has-medium-font-size"><strong>Wofür will ich mich besonders einsetzen:</strong><br>Für ein familienfreundliches Weißenthurm </p>

<p>Anja Thilmann . . Geboren: 1972 in Bremen Familie: verheiratet mit Jürgen Thilmann, zwei Kinder Beruf: Diplom Sozialpädagogin, Seit 2011 Leiterin der Ev. Kindertagesstätte Neuwied-Torney Ehrenamtliche Tätigkeiten: Pressewart beim Judo Club Neuwied e.V. Warum bin ich in der freien Wählergruppe:Weil&hellip; </p>
